{"id":8,"date":"2019-12-20T01:42:30","date_gmt":"2019-12-19T23:42:30","guid":{"rendered":"https:\/\/wgaut.arielko.net\/?page_id=8"},"modified":"2025-03-10T18:30:06","modified_gmt":"2025-03-10T16:30:06","slug":"co","status":"publish","type":"page","link":"https:\/\/greceautrement.fr\/?page_id=8","title":{"rendered":"Contact"},"content":{"rendered":"<div class=\"zTxtJ\">Vous pouvez nous contacter en utilisant le formulaire de contact ci-dessous ou par courrier \u00e9lectronique&#8230;<\/div>\r\n<div class=\"zTxtR\"><span id=\"cloak748c0a8a817c3f6bf7f1dd7d75a0d3b2\"> Cette adresse e-mail est prot\u00e9g\u00e9e contre les robots des spammeurs. Vous devez activer le JavaScript pour la visualiser.<\/span><\/div>\r\n<script>\r\n<!--\r\n  document.getElementById('cloak748c0a8a817c3f6bf7f1dd7d75a0d3b2').innerHTML = ' \u00e0 l\\'adresse : ';\r\n  var CLOBLeKHidVhaTo=[\"32\",\"105\",\"110\",\"x66\",\"x6f\",\"115\",\"64\",\"x67\",\"114\",\"x65\",\"x63\",\"101\",\"97\",\"x75\",\"116\",\"x72\",\"x65\",\"109\",\"101\",\"110\",\"116\",\"x2e\",\"x66\",\"x72\"];\r\n  var djWAqefcDqCuSuU=[\"\"];var CMCFzQaezsjzdFT=[\"x20\",\"x69\",\"110\",\"102\",\"111\",\"x73\",\"64\",\"103\",\"114\",\"101\",\"99\",\"x65\",\"97\",\"117\",\"116\",\"114\",\"x65\",\"109\",\"101\",\"110\",\"116\",\"x2e\",\"x66\",\"x72\"];\r\n  var addy748c=\"<a href=\\\"&#x6d;&#00097;&#x69;&#000108;&#x74;&#111;&#x3a;\";\r\n  for (i=0; i<CLOBLeKHidVhaTo.length; i++) addy748c += '&#'+CLOBLeKHidVhaTo[i]+';';\r\n  for (i=0; i<djWAqefcDqCuSuU.length; i++) addy748c += djWAqefcDqCuSuU[i];addy748c += '\" >';\r\n  for (i=0; i<CMCFzQaezsjzdFT.length; i++) addy748c += '&#'+CMCFzQaezsjzdFT[i]+';';addy748c += '<\/a>';\r\n  document.getElementById('cloak748c0a8a817c3f6bf7f1dd7d75a0d3b2').innerHTML += addy748c;\r\n\/\/-->\r\n<\/script><br>\r\n\n<div class=\"wpcf7 no-js\" id=\"wpcf7-f95-o1\" lang=\"fr-FR\" dir=\"ltr\" data-wpcf7-id=\"95\">\n<div class=\"screen-reader-response\"><p role=\"status\" aria-live=\"polite\" aria-atomic=\"true\"><\/p> <ul><\/ul><\/div>\n<form action=\"\/index.php?rest_route=%2Fwp%2Fv2%2Fpages%2F8#wpcf7-f95-o1\" method=\"post\" class=\"wpcf7-form init\" aria-label=\"Formulaire de contact\" enctype=\"multipart\/form-data\" novalidate=\"novalidate\" data-status=\"init\">\n<fieldset class=\"hidden-fields-container\"><input type=\"hidden\" name=\"_wpcf7\" value=\"95\" \/><input type=\"hidden\" name=\"_wpcf7_version\" value=\"6.1.5\" \/><input type=\"hidden\" name=\"_wpcf7_locale\" value=\"fr_FR\" \/><input type=\"hidden\" name=\"_wpcf7_unit_tag\" value=\"wpcf7-f95-o1\" \/><input type=\"hidden\" name=\"_wpcf7_container_post\" value=\"0\" \/><input type=\"hidden\" name=\"_wpcf7_posted_data_hash\" value=\"\" \/><input type=\"hidden\" name=\"_wpcf7_recaptcha_response\" value=\"\" \/>\n<\/fieldset>\n<p><img decoding=\"async\" alt=\"\" title=\"La Gr\u00e8ce Autrement, Formulaire de Contact\" src=\"\/\/arielko.net\/imageS\/logos\/ga\/autrement-160.jpg\" \/>\n<\/p>\n<p><label> Objet *<br \/>\n<span class=\"wpcf7-form-control-wrap\" data-name=\"csubj\"><input size=\"40\" maxlength=\"400\" class=\"wpcf7-form-control wpcf7-text wpcf7-validates-as-required\" aria-required=\"true\" aria-invalid=\"false\" placeholder=\"Entrez ici le sujet de votre message\" value=\"\" type=\"text\" name=\"csubj\" \/><\/span> <\/label><br \/>\nLes champs marqu\u00e9s d'une \u00e9toile sont obligatoires.\n<\/p>\n<p><label> Votre message<br \/>\n<span class=\"wpcf7-form-control-wrap\" data-name=\"ctext\"><textarea cols=\"40\" rows=\"10\" maxlength=\"2000\" class=\"wpcf7-form-control wpcf7-textarea\" aria-invalid=\"false\" placeholder=\"Saisir votre message ou envoyez nous un document (voir en bas de page)\" name=\"ctext\"><\/textarea><\/span> <\/label>\n<\/p>\n<p><label> Votre nom *<br \/>\n<span class=\"wpcf7-form-control-wrap\" data-name=\"cname\"><input size=\"40\" maxlength=\"400\" class=\"wpcf7-form-control wpcf7-text wpcf7-validates-as-required\" autocomplete=\"name\" aria-required=\"true\" aria-invalid=\"false\" value=\"\" type=\"text\" name=\"cname\" \/><\/span> <\/label>\n<\/p>\n<p><label> Votre adresse de messagerie *<br \/>\n<span class=\"wpcf7-form-control-wrap\" data-name=\"cmail\"><input size=\"40\" maxlength=\"400\" class=\"wpcf7-form-control wpcf7-email wpcf7-validates-as-required wpcf7-text wpcf7-validates-as-email\" autocomplete=\"email\" aria-required=\"true\" aria-invalid=\"false\" value=\"\" type=\"email\" name=\"cmail\" \/><\/span> <\/label><br \/>\nVotre adresse de messagerie et votre num\u00e9ro de t\u00e9l\u00e9phone ne sont pas publi\u00e9s.\n<\/p>\n<p><label> T\u00e9l\u00e9phone de contact<br \/>\n<span class=\"wpcf7-form-control-wrap\" data-name=\"cphon\"><input size=\"40\" maxlength=\"400\" minlength=\"10\" class=\"wpcf7-form-control wpcf7-tel wpcf7-text wpcf7-validates-as-tel\" aria-invalid=\"false\" placeholder=\"Votre num\u00e9ro de t\u00e9l\u00e9phone avec l&#039;indicatif international\" value=\"\" type=\"tel\" name=\"cphon\" \/><\/span> <\/label>\n<\/p>\n<p><label> Vous pouvez \u00e9galement nous envoyer un document, d'une taille maximale de 8 Mo.<br \/>\nType accept\u00e9 : | txt | doc | docx | pdf | jpg | png | gif | zip | <\/label>\n<\/p>\n<p><span class=\"wpcf7-form-control-wrap\" data-name=\"cupl0\"><input size=\"40\" class=\"wpcf7-form-control wpcf7-file\" accept=\".txt,.doc,.docx,.pdf,.jpg,.png,.gif,.zip\" aria-invalid=\"false\" type=\"file\" name=\"cupl0\" \/><\/span><br \/>\n<span class=\"wpcf7-form-control-wrap recaptcha\" data-name=\"recaptcha\"><span data-sitekey=\"6Ldtr8YUAAAAAOE5nIDzutfahP8u83p1BQzjXjJD\" data-size=\"compact\" data-align=\"right\" class=\"wpcf7-form-control wpcf7-recaptcha g-recaptcha\"><\/span>\r\n<noscript>\r\n\t<div class=\"grecaptcha-noscript\">\r\n\t\t<iframe loading=\"lazy\" src=\"https:\/\/www.google.com\/recaptcha\/api\/fallback?k=6Ldtr8YUAAAAAOE5nIDzutfahP8u83p1BQzjXjJD\" frameborder=\"0\" scrolling=\"no\" width=\"310\" height=\"430\">\r\n\t\t<\/iframe>\r\n\t\t<textarea name=\"g-recaptcha-response\" rows=\"3\" cols=\"40\" placeholder=\"reCaptcha Response Here\">\r\n\t\t<\/textarea>\r\n\t<\/div>\r\n<\/noscript>\r\n<\/span>\n<\/p>\n<p>J'ai lu et j'accepte la <a target=\"_blanc\" href=\"?page_id=3\">politique de confidentialit\u00e9<\/a><span class=\"wpcf7-form-control-wrap\" data-name=\"accept\"><span class=\"wpcf7-form-control wpcf7-acceptance\"><span class=\"wpcf7-list-item\"><input type=\"checkbox\" name=\"accept\" value=\"1\" aria-invalid=\"false\" \/><\/span><\/span><\/span><br \/>\n<label class=\"zTxtV\">Confirmez que vous n'\u00eates pas un robot dans le reCAPTCHA et&nbsp;&nbsp;<input class=\"wpcf7-form-control wpcf7-submit has-spinner\" type=\"submit\" value=\"Envoyer\" \/><\/label>\n<\/p><p style=\"display: none !important;\" class=\"akismet-fields-container\" data-prefix=\"_wpcf7_ak_\"><label>&#916;<textarea name=\"_wpcf7_ak_hp_textarea\" cols=\"45\" rows=\"8\" maxlength=\"100\"><\/textarea><\/label><input type=\"hidden\" id=\"ak_js_1\" name=\"_wpcf7_ak_js\" value=\"94\"\/><script>\ndocument.getElementById( \"ak_js_1\" ).setAttribute( \"value\", ( new Date() ).getTime() );\n<\/script>\n<\/p><div class=\"wpcf7-response-output\" aria-hidden=\"true\"><\/div>\n<\/form>\n<\/div>\n\r\n<br><hr>\r\n<div class=\"zTabC\">\r\n  <div><img decoding=\"async\" alt=\"\" src=\"\/\/arielko.net\/imageS\/xtras\/contact.gif\" class=\"zTabH\" onclick=\"GoToTop();\"><br>Contact<\/div>\r\n  <div><img decoding=\"async\" alt=\"\" src=\"\/\/arielko.net\/imageS\/xtras\/apropos.gif\" onclick=\"window.open('?page_id=7'  ,'_self')\"><br>A Propos<\/div>\r\n  <div><img decoding=\"async\" alt=\"\" src=\"\/\/arielko.net\/imageS\/xtras\/tarifs.gif\"  onclick=\"window.open('?page_id=197','_self')\"><br>Tarifs<\/div>\r\n<\/div>\r\n<hr>\r\n","protected":false},"excerpt":{"rendered":"Vous pouvez nous contacter en utilisant le formulaire de contact ci-dessous ou par courrier \u00e9lectronique&#8230; Cette adresse e-mail est prot\u00e9g\u00e9e contre les robots des spammeurs. Vous devez activer le JavaScript pour la visualiser. Contact A Propos Tarifs","protected":false},"author":2,"featured_media":914,"parent":2331,"menu_order":2,"comment_status":"closed","ping_status":"closed","template":"","meta":{"footnotes":""},"categories":[],"tags":[],"class_list":["post-8","page","type-page","status-publish","has-post-thumbnail","hentry"],"_links":{"self":[{"href":"https:\/\/greceautrement.fr\/index.php?rest_route=\/wp\/v2\/pages\/8","targetHints":{"allow":["GET"]}}],"collection":[{"href":"https:\/\/greceautrement.fr\/index.php?rest_route=\/wp\/v2\/pages"}],"about":[{"href":"https:\/\/greceautrement.fr\/index.php?rest_route=\/wp\/v2\/types\/page"}],"author":[{"embeddable":true,"href":"https:\/\/greceautrement.fr\/index.php?rest_route=\/wp\/v2\/users\/2"}],"replies":[{"embeddable":true,"href":"https:\/\/greceautrement.fr\/index.php?rest_route=%2Fwp%2Fv2%2Fcomments&post=8"}],"version-history":[{"count":0,"href":"https:\/\/greceautrement.fr\/index.php?rest_route=\/wp\/v2\/pages\/8\/revisions"}],"up":[{"embeddable":true,"href":"https:\/\/greceautrement.fr\/index.php?rest_route=\/wp\/v2\/pages\/2331"}],"wp:featuredmedia":[{"embeddable":true,"href":"https:\/\/greceautrement.fr\/index.php?rest_route=\/wp\/v2\/media\/914"}],"wp:attachment":[{"href":"https:\/\/greceautrement.fr\/index.php?rest_route=%2Fwp%2Fv2%2Fmedia&parent=8"}],"wp:term":[{"taxonomy":"category","embeddable":true,"href":"https:\/\/greceautrement.fr\/index.php?rest_route=%2Fwp%2Fv2%2Fcategories&post=8"},{"taxonomy":"post_tag","embeddable":true,"href":"https:\/\/greceautrement.fr\/index.php?rest_route=%2Fwp%2Fv2%2Ftags&post=8"}],"curies":[{"name":"wp","href":"https:\/\/api.w.org\/{rel}","templated":true}]}}