{"id":3,"date":"2019-12-20T01:34:09","date_gmt":"2019-12-19T23:34:09","guid":{"rendered":"https:\/\/wgaut.arielko.net\/?page_id=3"},"modified":"2025-03-19T02:38:00","modified_gmt":"2025-03-19T00:38:00","slug":"pc","status":"publish","type":"page","link":"https:\/\/greceautrement.fr\/?page_id=3","title":{"rendered":"Politique de confidentialit\u00e9"},"content":{"rendered":"<div class=\"zTxtJ\">\r\n  <h3>Pr\u00e9sentation du site<\/h3>\r\n  <p>En vertu de l\u2019article 6 de la loi n\u00b0 2004-575 du 21 juin 2004 pour la confiance dans l\u2019\u00e9conomie num\u00e9rique, il est pr\u00e9cis\u00e9 aux utilisateurs de notre site, l\u2019identit\u00e9 des diff\u00e9rents intervenants dans le cadre de sa r\u00e9alisation et de son suivi:<\/p>\r\n  <pre style=\"background:#00308C;font-style:italic;font-size:16px;\">\r\n<strong>D\u00e9nomination<\/strong>: Gr\u00e8ce Autrement\r\n<strong>Propri\u00e9taire<\/strong>: <a href=\"?page_id=8\">Panagi\u00f3tis GRIGOR\u00cdOU<\/a>\r\n<strong>     Adresse<\/strong>: 14 rue Rambuteau, 75003 Paris-France\r\n<strong>   T\u00e9l\u00e9phone<\/strong>: +33 785015761\r\n<strong>Num\u00e9ro SIRET<\/strong>: 50208563200029\r\n<strong>       Forme<\/strong>: Entrepreneur Individuel\r\n<strong>   H\u00e9bergeur<\/strong>: <a href=\"\/\/www.hosting24.com\/cpanel-hosting\" target=\"_blank\" rel=\"noopener noreferrer\">HOSTING24<\/a> via les services de <a href=\"\/\/arielko.net\/\" target=\"_blank\" rel=\"noopener noreferrer\">Ariel&amp;Co Limited<\/a>\r\n<\/pre>\r\n  <h3>Notre soci\u00e9t\u00e9<\/h3>\r\n  <p>\u201cGr\u00e8ce Autrement\u201d rel\u00e8ve de l\u2019activit\u00e9 de Panagi\u00f3tis Grigor\u00edou, Ethnologue et Historien. Entrepreneur individuel, inscrit aupr\u00e8s du Registre National des Entreprises.<\/p>\r\n  <h3>Notre site web<\/h3>\r\n  <p>Notre site \u201c<a href=\"\/\/greceautrement.fr\/\">Gr\u00e8ce Autrement<\/a>\u201d \u00e0 l\u2019adresse \/\/greceautrement.fr est h\u00e9berg\u00e9 par <a href=\"\/\/www.hosting24.com\/cpanel-hosting\" target=\"_blank\" rel=\"noopener noreferrer\">HOSTING24<\/a> via les services de <a href=\"\/\/arielko.net\/\" target=\"_blank\" rel=\"noopener noreferrer\">Ariel &amp; Co Limited<\/a><\/p>\r\n  <h3>Liens hypertextes<\/h3>\r\n  <p>Notre site contient un certain nombre de liens hypertextes vers d\u2019autres sites, mis en place avec l\u2019intention de vous fournir des informations suppl\u00e9mentaires. Cependant, nous n\u2019avons pas la possibilit\u00e9 de v\u00e9rifier le contenu des sites ainsi visit\u00e9s, et on n\u2019assumera par cons\u00e9quence aucune responsabilit\u00e9 de ce fait.<\/p>\r\n  <h3>Commentaires<\/h3>\r\n  <p>Quand vous laissez un commentaire sur notre site web, les donn\u00e9es inscrites dans le formulaire de commentaire, mais aussi votre adresse IP et l\u2019agent utilisateur de votre navigateur sont collect\u00e9s pour nous aider \u00e0 la d\u00e9tection des commentaires ind\u00e9sirables.<\/p>\r\n  <p>Une cha\u00eene anonyme cr\u00e9\u00e9e \u00e0 partir de votre adresse de messagerie (\u00e9galement appel\u00e9e hash) peut \u00eatre envoy\u00e9e au service Gravatar pour v\u00e9rifier si vous utilisez ce dernier. Les clauses de confidentialit\u00e9 du service Gravatar sont disponibles \u00e0 <a href=\"\/\/automattic.com\/privacy\/\" target=\"_blank\" rel=\"noopener noreferrer\">\/\/automattic.com\/privacy<\/a> . Apr\u00e8s validation de votre commentaire, votre photo de profil sera visible publiquement \u00e0 c\u00f4t\u00e9 de votre commentaire.<\/p>\r\n  <h3>M\u00e9dias<\/h3>\r\n  <p>Si vous transf\u00e9rez des images sur le site web, nous vous conseillons d\u2019\u00e9viter de transf\u00e9rer des images contenant des donn\u00e9es EXIF de coordonn\u00e9es GPS. Les visiteurs du site web peuvent t\u00e9l\u00e9charger et extraire des donn\u00e9es de localisation depuis ces images.<\/p>\r\n  <h3>Formulaires de contact<\/h3>\r\n  <p>Nous r\u00e9coltons des informations sur les visiteurs qui nous contactent sur les sites utilisant Akismet, notre service contre les ind\u00e9sirables ainsi que le service anti-robot \u201creCAPTCHA\u201d de Google. Ces informations r\u00e9colt\u00e9es incluent g\u00e9n\u00e9ralement l\u2019adresse IP des commentateurs, l\u2019agent utilisateur, le r\u00e9f\u00e9rent et l\u2019URL du site ainsi que d\u2019autres informations fournies directement par le commentateur comme leur nom, identifiant, adresse e-mail et leur commentaire.<\/p>\r\n  <h3>Cookies<\/h3>\r\n  <p>La navigation sur notre site est susceptible de provoquer l\u2019installation de cookies sur l\u2019ordinateur de l\u2019utilisateur. Un cookie est un fichier de petite taille, qui ne permet pas l\u2019identification de l\u2019utilisateur, mais qui enregistre des informations relatives \u00e0 la navigation d\u2019un ordinateur sur un site.<\/p>\r\n  <p>Si vous d\u00e9posez un commentaire sur notre site, il vous sera propos\u00e9 d\u2019enregistrer votre nom, adresse de messagerie et site web dans des cookies. C\u2019est uniquement pour votre confort afin de ne pas avoir \u00e0 saisir ces informations si vous d\u00e9posez un autre commentaire plus tard. Ces cookies expirent au bout d\u2019un an.<\/p>\r\n  <p>Si vous vous rendez sur la page de connexion, un cookie temporaire sera cr\u00e9\u00e9 afin de d\u00e9terminer si votre navigateur accepte les cookies. Il ne contient pas de donn\u00e9es personnelles et sera supprim\u00e9 automatiquement \u00e0 la fermeture de votre navigateur.<\/p>\r\n  <p>Lorsque vous vous connecterez, nous mettrons en place un certain nombre de cookies pour enregistrer vos informations de connexion et vos pr\u00e9f\u00e9rences d\u2019\u00e9cran. La dur\u00e9e de vie d\u2019un cookie de connexion est de deux jours, celle d\u2019un cookie d\u2019option d\u2019\u00e9cran est d\u2019un an. Si vous cochez \u201cSe souvenir de moi\u201d, votre cookie de connexion sera conserv\u00e9 pendant deux semaines. Si vous vous d\u00e9connectez de votre compte, le cookie de connexion sera effac\u00e9.<\/p>\r\n  <p>En modifiant ou en publiant un article ou un avis, un cookie suppl\u00e9mentaire sera enregistr\u00e9 dans votre navigateur. Ce cookie ne comprend aucune donn\u00e9e personnelle. Il indique simplement l\u2019ID de la publication que vous venez de modifier. Il expire au bout d\u2019un jour.<\/p>\r\n  <h3>Contenu embarqu\u00e9 depuis d\u2019autres sites<\/h3>\r\n  <p>Les articles de ce site peuvent inclure des contenus int\u00e9gr\u00e9s, par exemple des vid\u00e9os, images, articles&#8230; Le contenu int\u00e9gr\u00e9 depuis d\u2019autres sites se comporte de la m\u00eame mani\u00e8re que si le visiteur se rendait sur cet autre site.<\/p>\r\n  <p>Ces sites web pourraient collecter des donn\u00e9es sur vous, utiliser des cookies, embarquer des outils de suivis tiers, suivre vos interactions avec ces contenus embarqu\u00e9s si vous disposez d\u2019un compte connect\u00e9 sur leur site web.<\/p>\r\n  <h3>Statistiques et mesures d\u2019audience<\/h3>\r\n  <p>Nous utilisons les statistiques et mesures d\u2019audience anonymes et standards de Google Analytics.<\/p>\r\n  <h3>Utilisation et transmission de vos donn\u00e9es personnelles<\/h3>\r\n  <p>Nous ne faisons aucune transmission de vos donn\u00e9es personnelles. Leur utilisation r\u00e9side uniquement sur nos relations bipartites.<\/p>\r\n  <p>Les commentaires des visiteurs peuvent \u00eatre v\u00e9rifi\u00e9s \u00e0 l\u2019aide d\u2019un service automatis\u00e9 de d\u00e9tection des commentaires ind\u00e9sirables.<\/p>\r\n  <h3>Dur\u00e9es de stockage de vos donn\u00e9es<\/h3>\r\n  <p>Si vous laissez un commentaire, il est conserv\u00e9 ind\u00e9finiment ainsi que ses m\u00e9tadonn\u00e9es. Cela permet de reconna\u00eetre et approuver automatiquement les commentaires suivants au lieu de les laisser dans la file de mod\u00e9ration.<\/p>\r\n  <p>Nous n\u2019effectuons aucun enregistrement d\u2019utilisateur sur notre site.<\/p>\r\n  <h3>Les droits que vous avez sur vos donn\u00e9es<\/h3>\r\n  <p>Si vous avez laiss\u00e9 des commentaires sur le site, vous pouvez demander \u00e0 recevoir un fichier contenant toutes les donn\u00e9es personnelles que nous poss\u00e9dons \u00e0 votre sujet, incluant celles que vous nous avez fournies. Vous pouvez \u00e9galement demander la suppression des donn\u00e9es personnelles vous concernant. Cela ne prend pas en compte les donn\u00e9es stock\u00e9es \u00e0 des fins administratives, l\u00e9gales ou pour des raisons de s\u00e9curit\u00e9.<\/p>\r\n  <h3>Comment nous prot\u00e9geons vos donn\u00e9es<\/h3>\r\n  <p>Aucune information personnelle vous concernant n\u2019est r\u00e9sid\u00e9 sur le site web, ainsi nous n\u2019avons pas de proc\u00e9dure sp\u00e9ciale pour des \u00e9ventuelles fuites des donn\u00e9es.<\/p>\r\n  <h3>Les services tiers qui nous transmettent des donn\u00e9es<\/h3>\r\n  <p>Nous ne recevons ni transmettons, \u00e0 aucun service tiers, des donn\u00e9es vous concernant.<\/p>\r\n  <h3>Op\u00e9rations de marketing automatis\u00e9 \u00e0 l\u2019aide des donn\u00e9es personnelles<\/h3>\r\n  <p>Aucune op\u00e9ration de profilage n\u2019est r\u00e9alis\u00e9e \u00e0 l\u2019aide des donn\u00e9es personnelles.<\/p>\r\n  <p>Nous sommes les seuls propri\u00e9taires des informations recueillies sur ce site. Vos informations personnelles ne seront pas vendues, \u00e9chang\u00e9es, transf\u00e9r\u00e9es, ou donn\u00e9es \u00e0 un tiers pour n\u2019importe quelle raison, sans votre consentement, en dehors de ce qui est n\u00e9cessaire pour r\u00e9pondre \u00e0 une demande et\/ou une transaction, comme par exemple pour concr\u00e9tiser vos parcours avec nous.<\/p>\r\n  <h5>Se d\u00e9sabonner<\/h5>\r\n  <p>Nous utilisons votre adresse e-mail pour vous envoyer des informations et mises \u00e0 jour relatives \u00e0 nos formules de d\u00e9couverte de la Gr\u00e8ce, des nouvelles de notre activit\u00e9 ainsi que des informations sur nos diff\u00e9rents parcours et ceci de fa\u00e7on occasionnelle. Si, \u00e0 n\u2019importe quel moment, vous souhaitez vous d\u00e9sinscrire et ne plus recevoir d\u2019information de notre part, des instructions de d\u00e9sabonnement d\u00e9taill\u00e9es sont incluses en bas de chacun de nos communiqu\u00e9s.<\/p>\r\n  <h5>Consentement<\/h5>\r\n  <p>En utilisant notre site, vous consentez \u00e0 notre politique de confidentialit\u00e9.<\/p>\r\n  <h3>Informations de contact<\/h3>\r\n  <p><a href=\"?page_id=8\">Panagi\u00f3tis GRIGOR\u00cdOU<\/a><br>\r\n  14, rue Rambuteau<br>\r\n  75003 Paris-France<br>\r\n  T\u00e9l: +33 785015761<\/p>\r\n  <h3>Informations suppl\u00e9mentaires<\/h3>\r\n  <p>Pour toute question technique sur le fonctionnement du site, vous pouvez laisser un message via notre formulaire de contact, \u00e0 l\u2019attention de <a href=\"?page_id=8\">Kendavros<\/a> .<\/p>\r\n  <h3>Les principales lois concern\u00e9es<\/h3>\r\n  <p>Loi n\u00b0 78-87 du 6 janvier 1978, notamment modifi\u00e9e par la loi n\u00b0 2004-801 du 6 ao\u00fbt 2004 relative \u00e0 l\u2019informatique, aux fichiers et aux libert\u00e9s.<br>Loi n\u00b0 2004-575 du 21 juin 2004 pour la confiance dans l\u2019\u00e9conomie num\u00e9rique.<\/p><br><br>\r\n<\/div>","protected":false},"excerpt":{"rendered":"Pr\u00e9sentation du site En vertu de l\u2019article 6 de la loi n\u00b0 2004-575 du 21 juin 2004 pour la confiance dans l\u2019\u00e9conomie num\u00e9rique, il est pr\u00e9cis\u00e9 aux utilisateurs de notre site, l\u2019identit\u00e9 des diff\u00e9rents intervenants dans le cadre de sa r\u00e9alisation et de son suivi: D\u00e9nomination: Gr\u00e8ce Autrement Propri\u00e9taire: Panagi\u00f3tis GRIGOR\u00cdOU Adresse: 14 rue Rambuteau, &hellip; <p class=\"link-more\"><a href=\"https:\/\/greceautrement.fr\/?page_id=3\" class=\"more-link\">Continue reading<span class=\"screen-reader-text\"> \u00ab\u00a0Politique de confidentialit\u00e9\u00a0\u00bb<\/span><\/a><\/p>","protected":false},"author":2,"featured_media":0,"parent":0,"menu_order":99,"comment_status":"closed","ping_status":"open","template":"","meta":{"footnotes":""},"categories":[],"tags":[],"class_list":["post-3","page","type-page","status-publish","hentry"],"_links":{"self":[{"href":"https:\/\/greceautrement.fr\/index.php?rest_route=\/wp\/v2\/pages\/3","targetHints":{"allow":["GET"]}}],"collection":[{"href":"https:\/\/greceautrement.fr\/index.php?rest_route=\/wp\/v2\/pages"}],"about":[{"href":"https:\/\/greceautrement.fr\/index.php?rest_route=\/wp\/v2\/types\/page"}],"author":[{"embeddable":true,"href":"https:\/\/greceautrement.fr\/index.php?rest_route=\/wp\/v2\/users\/2"}],"replies":[{"embeddable":true,"href":"https:\/\/greceautrement.fr\/index.php?rest_route=%2Fwp%2Fv2%2Fcomments&post=3"}],"version-history":[{"count":0,"href":"https:\/\/greceautrement.fr\/index.php?rest_route=\/wp\/v2\/pages\/3\/revisions"}],"wp:attachment":[{"href":"https:\/\/greceautrement.fr\/index.php?rest_route=%2Fwp%2Fv2%2Fmedia&parent=3"}],"wp:term":[{"taxonomy":"category","embeddable":true,"href":"https:\/\/greceautrement.fr\/index.php?rest_route=%2Fwp%2Fv2%2Fcategories&post=3"},{"taxonomy":"post_tag","embeddable":true,"href":"https:\/\/greceautrement.fr\/index.php?rest_route=%2Fwp%2Fv2%2Ftags&post=3"}],"curies":[{"name":"wp","href":"https:\/\/api.w.org\/{rel}","templated":true}]}}