{"id":234,"date":"2019-12-20T20:35:50","date_gmt":"2019-12-20T18:35:50","guid":{"rendered":"https:\/\/wgaut.arielko.net\/?page_id=234"},"modified":"2025-03-10T13:36:34","modified_gmt":"2025-03-10T11:36:34","slug":"thc","status":"publish","type":"page","link":"https:\/\/greceautrement.fr\/?page_id=234","title":{"rendered":"Agrafa"},"content":{"rendered":"<div class=\"zTxtJ\">\r\n  <h3 class=\"zTxtH\">La Gr\u00e8ce de l\u2019int\u00e9rieur !<\/h3>\r\n  <iframe loading=\"lazy\" class=\"zFramV\" src=\"zkmods\/ytp\/ytplay.php?v=xXXcN9edZOc&amp;a=y&amp;o=y&amp;s=6\" width=\"550\" height=\"340\"><\/iframe>\r\n  <p class=\"zTxtT\">Agrafa et le Lac Plast\u00edra<\/p>\r\n  <p><ul class=\"zLirM\">\r\n  <li>Groupes de 2 \u00e0 6 personnes<\/li>\r\n  <li>Journ\u00e9e compl\u00e8te<\/li>\r\n  <\/ul><\/p>\r\n  <iframe loading=\"lazy\" class=\"zFramS\" src=\"zkmods\/ssb\/ssb.php?n=THsC[0-9]&amp;f=0&amp;t=5\" width=\"650\" height=\"370\"><\/iframe><br><br>\r\n  <p class=\"zTxtS\">Le pays \u00e0 part !<\/p>\r\n  <p>Agrafa, reste pour les initi\u00e9s ce terroir montagneux, quasi inaccessible il y a encore quelques ann\u00e9es. Cette r\u00e9gion \u00e9tendue, regorge de joyaux perch\u00e9s sur les flancs de ses pentes, dominant les flots, les vall\u00e9es \u00e9triqu\u00e9es et les lacs, portant en leurs pierres toute la richesse du patrimoine r\u00e9gional. Entre lacs et montagne, ces villages composent le caract\u00e8re unique de la Gr\u00e8ce continentale, un m\u00e9lange harmonieux de culture, d\u2019histoire, de plaisirs gastronomiques dans un d\u00e9cor naturel exceptionnel.<\/p>\r\n  <p> Nous p\u00e9n\u00e9trons d\u2019abord les myst\u00e8res du Lac Plast\u00edra, situ\u00e9 \u00e0 pr\u00e8s de 1.000m d\u2019altitude. Ses bourgades, entour\u00e9es de ch\u00eanes et de ch\u00e2taigniers, composent ce que les habitants des lieux nomment \u201cle balcon de la Thessalie\u201d. Depuis les hauteurs du lac, notre regard atteint m\u00eame par temps clair les sommets du mont Olympe.<\/p>\r\n  <p>Loin des sentiers battus du tourisme de masse, nous explorons ce pays humide aux magnifiques villages surplombant le grand lac cr\u00e9\u00e9 par le barrage en 1959. Pendant la Seconde Guerre mondiale, l\u2019ancien plateau avait \u00e9t\u00e9 am\u00e9nag\u00e9 pour devenir le seul a\u00e9rodrome fonctionnant sous le contr\u00f4le de la R\u00e9sistance grecque durant l\u2019Occupation nazie.<\/p>\r\n  <p>En p\u00e9n\u00e9trant dans l\u2019univers du Lac Plast\u00edra, nous abordons les villages de Kal\u00fdvia et de Neoch\u00f3ri, aux plages am\u00e9nag\u00e9es. La baignade dans le lac est ici tr\u00e8s ais\u00e9e, nous offrant un des moments inoubliables de notre parcours.<\/p>\r\n  <p>Nous d\u00e9gustons \u00e0 l\u2019occasion des mets et des vins remarquables issus de la gastronomie de la r\u00e9gion, faite de truites grill\u00e9es et de plats locaux \u00e0 base d\u2019une viande au go\u00fbt du terroir. Surtout, nous ne manquerons pas de d\u00e9couvrir Mesenik\u00f3las, beau village entour\u00e9 de ch\u00eanes et de ch\u00e2taigniers, r\u00e9put\u00e9 pour son vin unique en Gr\u00e8ce. Vous pouvez d\u00e9guster ce vin ainsi que les autres alcools locaux&#8230; avec mod\u00e9ration, en visitant la cave d\u2019un vigneron de la commune.<\/p>\r\n  <p>Il est \u00e9galement possible de joindre le bourg d\u2019Agrafa par la route non asphalt\u00e9e, apr\u00e8s r\u00e9am\u00e9nagement n\u00e9cessaire de notre parcours pour y inclure une \u00e9tape sur piste d\u2019environ quatre heures. Une&#8230; perle, au beau milieu de cette imposante Gr\u00e8ce des montagnes, \u00e0 l\u2019histoire bien m\u00e9morable. Agrafa a d\u2019ailleurs donn\u00e9 son nom \u00e0 l\u2019ensemble de la r\u00e9gion, ce qui signifie en grec \u201clocalit\u00e9s non-inscrites\u201d aux registres administratifs sous l\u2019Empire ottoman.<\/p>\r\n  <p class=\"zTxtC\">Une promenade au-del\u00e0 de la curiosit\u00e9 et de la fascination.<\/p><br><br>\r\n  <p class=\"zTxtS\">Un chef d\u2019\u0153uvre en Thessalie !<\/p><br><br>\r\n  <hr><table class=\"zTabL\"><tbody><tr>\r\n    <td><img decoding=\"async\" alt=\"\" src=\"zmedia\/006\/slidl\/THsA11.gif\" onclick=\"window.open('?page_id=230','_self')\"><br>M\u00e9t\u00e9ores<\/td>\r\n    <td><img decoding=\"async\" alt=\"\" src=\"zmedia\/006\/slidl\/THsB11.gif\" onclick=\"window.open('?page_id=232','_self')\"><br>K\u00f3ziakas<\/td>\r\n    <td><img decoding=\"async\" alt=\"\" src=\"zmedia\/006\/slidl\/THsD11.gif\" onclick=\"window.open('?page_id=236','_self')\"><br>Pinde<\/td>\r\n    <td><img decoding=\"async\" alt=\"\" src=\"zmedia\/006\/slidl\/THs11.gif\"  onclick=\"window.open('?page_id=193','_self')\"><br>Thessalie<\/td>\r\n  <\/tr><\/tbody><\/table><hr>\r\n  <h5>Liens utiles<\/h5>\r\n  <p style=\"padding-left:120px;\">\r\n  <a href=\"\/\/fr.wikipedia.org\/wiki\/Lac_Plastiras\" target=\"_blank\" rel=\"noopener noreferrer\">Le Lac Plastira sur Wikip\u00e9dia<\/a><br>\r\n  <a href=\"\/\/fr.wikipedia.org\/wiki\/Nik%C3%B3laos_Plast%C3%ADras\" target=\"_blank\" rel=\"noopener noreferrer\">Nik\u00f3laos Plast\u00edras, le h\u00e9ros de la r\u00e9gion<\/a><\/p>\r\n<\/div>\r\n","protected":false},"excerpt":{"rendered":"La Gr\u00e8ce de l\u2019int\u00e9rieur ! Agrafa et le Lac Plast\u00edra Groupes de 2 \u00e0 6 personnes Journ\u00e9e compl\u00e8te Le pays \u00e0 part ! Agrafa, reste pour les initi\u00e9s ce terroir montagneux, quasi inaccessible il y a encore quelques ann\u00e9es. Cette r\u00e9gion \u00e9tendue, regorge de joyaux perch\u00e9s sur les flancs de ses pentes, dominant les flots, &hellip; <p class=\"link-more\"><a href=\"https:\/\/greceautrement.fr\/?page_id=234\" class=\"more-link\">Continue reading<span class=\"screen-reader-text\"> \u00ab\u00a0Agrafa\u00a0\u00bb<\/span><\/a><\/p>","protected":false},"author":2,"featured_media":921,"parent":193,"menu_order":3,"comment_status":"closed","ping_status":"closed","template":"","meta":{"footnotes":""},"categories":[],"tags":[],"class_list":["post-234","page","type-page","status-publish","has-post-thumbnail","hentry"],"_links":{"self":[{"href":"https:\/\/greceautrement.fr\/index.php?rest_route=\/wp\/v2\/pages\/234","targetHints":{"allow":["GET"]}}],"collection":[{"href":"https:\/\/greceautrement.fr\/index.php?rest_route=\/wp\/v2\/pages"}],"about":[{"href":"https:\/\/greceautrement.fr\/index.php?rest_route=\/wp\/v2\/types\/page"}],"author":[{"embeddable":true,"href":"https:\/\/greceautrement.fr\/index.php?rest_route=\/wp\/v2\/users\/2"}],"replies":[{"embeddable":true,"href":"https:\/\/greceautrement.fr\/index.php?rest_route=%2Fwp%2Fv2%2Fcomments&post=234"}],"version-history":[{"count":0,"href":"https:\/\/greceautrement.fr\/index.php?rest_route=\/wp\/v2\/pages\/234\/revisions"}],"up":[{"embeddable":true,"href":"https:\/\/greceautrement.fr\/index.php?rest_route=\/wp\/v2\/pages\/193"}],"wp:featuredmedia":[{"embeddable":true,"href":"https:\/\/greceautrement.fr\/index.php?rest_route=\/wp\/v2\/media\/921"}],"wp:attachment":[{"href":"https:\/\/greceautrement.fr\/index.php?rest_route=%2Fwp%2Fv2%2Fmedia&parent=234"}],"wp:term":[{"taxonomy":"category","embeddable":true,"href":"https:\/\/greceautrement.fr\/index.php?rest_route=%2Fwp%2Fv2%2Fcategories&post=234"},{"taxonomy":"post_tag","embeddable":true,"href":"https:\/\/greceautrement.fr\/index.php?rest_route=%2Fwp%2Fv2%2Ftags&post=234"}],"curies":[{"name":"wp","href":"https:\/\/api.w.org\/{rel}","templated":true}]}}