{"id":14,"date":"2019-12-20T01:42:31","date_gmt":"2019-12-19T23:42:31","guid":{"rendered":"https:\/\/wgaut.arielko.net\/?page_id=14"},"modified":"2025-03-10T17:12:39","modified_gmt":"2025-03-10T15:12:39","slug":"ac","status":"publish","type":"page","link":"https:\/\/greceautrement.fr\/","title":{"rendered":"Accueil"},"content":{"rendered":"<div class=\"zTxtJ\">\r\n  <h3 class=\"zTxtH\">D\u00e9couvrez la Gr\u00e8ce Autrement !<\/h3>\r\n  <iframe loading=\"lazy\" class=\"zFramS\" src=\"zkmods\/ssb\/ssb.php?n=ACs\" width=\"664\" height=\"384\"><\/iframe>\r\n  <div class=\"zTxtJ\"><span>\u201c<em>Le v\u00e9ritable voyage de d\u00e9couverte ne consiste pas \u00e0 chercher de nouveaux paysages, mais \u00e0 avoir de nouveaux yeux<\/em>\u201d <\/span><\/div><div class=\"zTxtR\"><span>Marcel Proust, \u00e9crivain fran\u00e7ais.<\/span><\/div><br><br>\r\n  <p class=\"zTxtS\">Lorsque votre destination devient destin\u00e9e<\/p>\r\n  <p>Nous nous adressons \u00e0 un public francophone, averti et curieux des transformations du monde actuel, privil\u00e9giant le voyage en immersion.<\/p>\r\n  <p>Au-del\u00e0 de l\u2019unique qu\u00eate de libert\u00e9, Gr\u00e8ce Autrement donne un sens novateur au voyage en Gr\u00e8ce. Depuis 2015, nous concevons des circuits sur mesure qui portent sur la rencontre avec la nature, la g\u00e9ographie, l\u2019actualit\u00e9, la culture et l\u2019histoire de la Gr\u00e8ce contemporaine.<\/p>\r\n  <p>Vous d\u00e9couvrirez au c\u0153ur de notre d\u00e9marche des autotours en Gr\u00e8ce Continentale, \u00e0 bord de notre confortable v\u00e9hicule d\u2019une capacit\u00e9 de sept places, ou en utilisant un v\u00e9hicule lou\u00e9 par nos soins, adapt\u00e9 \u00e0 la taille du groupe, dans le P\u00e9loponn\u00e8se, en Thessalie Occidentale, en \u00c9pire et en Mac\u00e9doine grecque dans la partie nord du pays.<\/p>\r\n  <p>Nous vous offrons une vision originale des belles et insolites r\u00e9gions que nous visitons, g\u00e9n\u00e9ralement au-del\u00e0 des foules, une vision surtout, d\u00e9pourvue des st\u00e9r\u00e9otypes habituels. Pour nous, voyager, c\u2019est vivre, rien de tel alors que l\u2019immersion et le dialogue pour d\u00e9couvrir la Gr\u00e8ce, ses \u201ccoins et histoires \u00e0 part\u201d, humaines et authentiques. <\/p>\r\n  <p>Tous nos participants b\u00e9n\u00e9ficient en exclusivit\u00e9 de l\u2019accompagnement de l\u2019ethnologue et historien francophone, Panagi\u00f3tis Grigor\u00edou. Bien au-del\u00e0 d\u2019une pratique d\u00e9sign\u00e9e comme celle \u201cde l\u2019accompagnateur\u201d, c\u2019est l\u2019\u00e9change et la r\u00e9flexion tout en humour, qui enrichissent notre exp\u00e9rience. Un moment instructif, d\u00e9contract\u00e9, privil\u00e9gi\u00e9 et convivial.<\/p>\r\n  <p>D\u2019ailleurs, Gr\u00e8ce Autrement en tant que concept de voyage responsable, est une facette de l\u2019activit\u00e9 de Panagi\u00f3tis Grigor\u00edou, ethnologue et historien francophone, \u00e9tablie en France, et qui \u00e0 travers sa d\u00e9marche, ses publications et ses collaborations scientifiques, contribue au renouvellement de l\u2019histoire culturelle de la Gr\u00e8ce contemporaine et des Balkans.<\/p>\r\n  <p>Nous privil\u00e9gions l\u2019immersion dans le contexte local, cr\u00e9atrice de liens entre nous. Vous d\u00e9gustez les produits locaux autant que les paysages et vous rencontrez le quotidien grec v\u00e9cu et pratiqu\u00e9, sa vie intellectuelle et artistique, ses habitants, leurs activit\u00e9s, l\u2019\u00e9conomie, les mentalit\u00e9s, sans oublier la gastronomie&#8230; l\u2019\u00e9ventail est bien large.<\/p>\r\n  <p>Nos pratiques mettent \u00e9galement au centre du voyage l\u2019Homme et sa rencontre avec ce qui s\u2019inscrit dans une logique d\u2019\u00e9conomie locale des territoires visit\u00e9s. Et d\u2019abord, le respect de la personne, des cultures comme de la nature.<\/p>\r\n  <p>Notre concept constitue de ce point de vue, une r\u00e9action au d\u00e9veloppement du tourisme de masse, aux vacanciers \u00e9ternellement press\u00e9s qui d\u00e9filent \u00e0 longues enjamb\u00e9es en Gr\u00e8ce comme ailleurs.<\/p>\r\n  <p class=\"zTxtC\">Le voyage en qu\u00eate de lumi\u00e8re.<\/p><br><br>\r\n  <p class=\"zTxtS\">Pour voyageurs \u00e9clair\u00e9s et curieux!<\/p><br><br>\r\n  <hr><table class=\"zTabL\"><tbody><tr>\r\n    <td><img decoding=\"async\" alt=\"\" src=\"zmedia\/006\/slidl\/AQs11.gif\"  onclick=\"window.open('?page_id=185', '_self')\"><br>Attique<\/td>\r\n    <td><img decoding=\"async\" alt=\"\" src=\"zmedia\/006\/slidl\/PEs11.gif\"  onclick=\"window.open('?page_id=97',  '_self')\"><br>P\u00e9loponn\u00e8se<\/td>\r\n    <td><img decoding=\"async\" alt=\"\" src=\"zmedia\/006\/slidl\/MAs11.gif\"  onclick=\"window.open('?page_id=195', '_self')\"><br>Mac\u00e9doine<\/td>\r\n    <td><img decoding=\"async\" alt=\"\" src=\"zmedia\/006\/slidl\/EPs11.gif\"  onclick=\"window.open('?page_id=2473', '_self')\"><br>\u00c9pire<\/td>\r\n  <\/tr><tr>\r\n    <td><img decoding=\"async\" alt=\"\" src=\"zmedia\/006\/slidl\/THs11.gif\"  onclick=\"window.open('?page_id=193','_self')\"><br>Thessalie<\/td>\r\n    <td><img decoding=\"async\" alt=\"\" src=\"zmedia\/006\/slidl\/THsA11.gif\" onclick=\"window.open('?page_id=230','_self')\"><br>M\u00e9t\u00e9ores<\/td>\r\n    <td><img decoding=\"async\" alt=\"\" src=\"zmedia\/006\/slidl\/THsB11.gif\" onclick=\"window.open('?page_id=232','_self')\"><br>K\u00f3ziakas<\/td>\r\n    <td><img decoding=\"async\" alt=\"\" src=\"zmedia\/006\/slidl\/THsD11.gif\" onclick=\"window.open('?page_id=236','_self')\"><br>Pinde<\/td>\r\n  <\/tr><\/tbody><\/table><hr>\r\n<\/div>\r\n","protected":false},"excerpt":{"rendered":"D\u00e9couvrez la Gr\u00e8ce Autrement ! \u201cLe v\u00e9ritable voyage de d\u00e9couverte ne consiste pas \u00e0 chercher de nouveaux paysages, mais \u00e0 avoir de nouveaux yeux\u201d Marcel Proust, \u00e9crivain fran\u00e7ais. Lorsque votre destination devient destin\u00e9e Nous nous adressons \u00e0 un public francophone, averti et curieux des transformations du monde actuel, privil\u00e9giant le voyage en immersion. Au-del\u00e0 de &hellip; <p class=\"link-more\"><a href=\"https:\/\/greceautrement.fr\/\" class=\"more-link\">Continue reading<span class=\"screen-reader-text\"> \u00ab\u00a0Accueil\u00a0\u00bb<\/span><\/a><\/p>","protected":false},"author":2,"featured_media":909,"parent":0,"menu_order":1,"comment_status":"closed","ping_status":"closed","template":"template-full-width.php","meta":{"footnotes":""},"categories":[],"tags":[],"class_list":["post-14","page","type-page","status-publish","has-post-thumbnail","hentry"],"_links":{"self":[{"href":"https:\/\/greceautrement.fr\/index.php?rest_route=\/wp\/v2\/pages\/14","targetHints":{"allow":["GET"]}}],"collection":[{"href":"https:\/\/greceautrement.fr\/index.php?rest_route=\/wp\/v2\/pages"}],"about":[{"href":"https:\/\/greceautrement.fr\/index.php?rest_route=\/wp\/v2\/types\/page"}],"author":[{"embeddable":true,"href":"https:\/\/greceautrement.fr\/index.php?rest_route=\/wp\/v2\/users\/2"}],"replies":[{"embeddable":true,"href":"https:\/\/greceautrement.fr\/index.php?rest_route=%2Fwp%2Fv2%2Fcomments&post=14"}],"version-history":[{"count":0,"href":"https:\/\/greceautrement.fr\/index.php?rest_route=\/wp\/v2\/pages\/14\/revisions"}],"wp:featuredmedia":[{"embeddable":true,"href":"https:\/\/greceautrement.fr\/index.php?rest_route=\/wp\/v2\/media\/909"}],"wp:attachment":[{"href":"https:\/\/greceautrement.fr\/index.php?rest_route=%2Fwp%2Fv2%2Fmedia&parent=14"}],"wp:term":[{"taxonomy":"category","embeddable":true,"href":"https:\/\/greceautrement.fr\/index.php?rest_route=%2Fwp%2Fv2%2Fcategories&post=14"},{"taxonomy":"post_tag","embeddable":true,"href":"https:\/\/greceautrement.fr\/index.php?rest_route=%2Fwp%2Fv2%2Ftags&post=14"}],"curies":[{"name":"wp","href":"https:\/\/api.w.org\/{rel}","templated":true}]}}